j(-1)?
4
Let d(v) = -v**3 + 5*v**2 + 16*v + 8. What is d(7)?
22
Let m(t) = -t**3 - t**2 - 4. Determine m(-3).
14
Let f(y) = y**3 - 7*y**2 + 2*y + 10. Determine f(7).
24
Let v(l) = -17*l - 108. What is v(-6)?
-6
Let p(y) = -3*y + 3. Calculate p(10).
-27
Let l(k) = 19*k - 8. What is l(0)?
-8
Let n(p) = -p**3 - 15*p**2 + 19*p - 18. Calculate n(-16).
-66
Let c(r) = -29*r + 24. Calculate c(1).
-5
Let q(s) = 7*s - 102. Calculate q(14).
-4
Let j(z) = -7*z**2 - 2*z + 1. What is j(-2)?
-23
Let v(k) = -k**3 - 6*k**2 + 11*k + 14. Calculate v(-7).
-14
Let i(u) = u**2 - u + 1. Determine i(0).
1
Let n(l) = -5*l + 83. Calculate n(18).
-7
Let a(b) = 4*b - 42. Give a(13).
10
Let n(a) = 11*a**2 - 30*a + 11. What is n(3)?
20
Let p(z) = -z**3 + 3*z**2 + 3*z. What is p(3)?
9
Let c(b) = -b**2 + 14*b + 15. Determine c(15).
0
Let r(h) = 8*h**2 + 62*h - 14. Determine r(-8).
2
Let h(y) = 8*y + 115. Calculate h(-15).
-5
Let k(p) = -p**2 + 35*p - 77. What is k(33)?
-11
Let j(q) = q**3 - 11*q**2 + 6*q + 11. Give j(8).
-133
Let q(a) = 3*a**2 - 17*a - 8. Give q(6).
-2
Let w(y) = 3*y**3 - 6*y**2 - y + 3. Give w(-1).
-5
Let p(t) = t**2 - 11. Calculate p(7).
38
Let j(i) = i**3 + 21*i**2 + 21*i + 14. Determine j(-20).
-6
Let v(z) = -z**3 + 6*z**2 + 5*z + 11. Give v(7).
-3
Let z(r) = 21*r**2 - 4*r - 1. Give z(2).
75
Let g(a) = a**3 - 4*a**2 - 14*a + 17. Determine g(6).
5
Let v(p) = -p + 19. Determine v(18).
1
Let f(n) = 24*n**2 + 12*n + 8. Calculate f(-1).
20
Let s(i) = -25*i - 203. Determine s(-8).
-3
Let f(m) = m**3 - 17*m**2 + 41*m + 9. Give f(14).
-5
Let j(y) = -y**3 - y**2 + y - 26. What is j(0)?
-26
Let v(y) = -2*y**3 + 36*y**2 + 39*y - 18. Give v(19).
1
Let r(j) = -54*j + 2. Calculate r(1).
-52
Let m(f) = -5*f - 37. Calculate m(-11).
18
Let p(q) = q**3 - 9*q**2 - 13*q + 8. What is p(10)?
-22
Let q(t) = t**3 + 4*t**2 + 5*t + 13. Determine q(-4).
-7
Let r(o) = -o - 26. Determine r(6).
-32
Let r(z) = 4*z - 19. Determine r(17).
49
Let k(l) = 5*l**2 - 3*l + 1. Calculate k(1).
3
Let h(r) = -3*r - 82. Calculate h(-26).
-4
Let l(c) = -3*c + 53. Calculate l(18).
-1
Let u(x) = 4*x + 8. Determine u(-6).
-16
Let o(x) = 4*x + 41. What is o(-13)?
-11
Let q(k) = -k**2 + k - 7. Calculate q(6).
-37
Let y(b) = 20*b**2 + 50*b + 50. What is y(-1)?
20
Let t(l) = 5*l**2 - 12*l + 10. What is t(4)?
42
Let z(h) = -h - 43. Calculate z(-13).
-30
Let g(t) = -t**3 + 8*t**2 + 20*t - 5. Calculate g(10).
-5
Let w(m) = m**2 + m - 4. Calculate w(-5).
16
Let l(q) = -2*q**3 - 8*q**2 - 2*q + 13. Calculate l(-3).
1
Let f(b) = -b**3 - 4*b**2 + b - 1. Give f(-4).
-5
Let w(n) = -n**2 + 14*n - 38. What is w(9)?
7
Let v(m) = -m**3 - 3*m**2 + 7*m - 20. What is v(-5)?
-5
Let s(j) = 27*j + 292. Give s(-11).
-5
Let j(t) = 5*t**3 - t**2 + t - 1. Give j(1).
4
Let g(y) = y**2 + 11*y - 70. Give g(-16).
10
Let p(j) = 21*j**2 - 3*j + 1. What is p(1)?
19
Let o(u) = u**2 + 9*u - 7. Give o(-8).
-15
Let a(k) = k**3 + 18*k**2 + 35*k + 25. What is a(-16)?
-23
Let g(u) = -2*u**2 - 4*u + 6. Give g(-3).
0
Let z(p) = p**3 + 5*p**2 + 3*p + 3. Determine z(-5).
-12
Let m(n) = 8*n**3 + 2*n + 1. Calculate m(-1).
-9
Let o(x) = 2*x - 20. What is o(-8)?
-36
Let c(u) = u**3 + 6*u**2 + 3*u. Give c(-3).
18
Let a(l) = 9*l**2 - 42*l - 40. Calculate a(-1).
11
Let i(t) = -t**2 + t + 3. Calculate i(0).
3
Let a(x) = -2*x - 7. Calculate a(0).
-7
Let y(s) = s + 12. Give y(4).
16
Let t(x) = 3*x + 17. What is t(-9)?
-10
Let d(b) = b**3 - 16*b**2 - 2. Determine d(16).
-2
Let q(x) = x**2 + 25*x + 139. Calculate q(-8).
3
Let l(d) = d**2 + 4*d + 10. Give l(-4).
10
Let b(k) = -k**3 + 13*k**2 - 24*k + 26. Give b(11).
4
Let i(s) = -s**2 + 3*s - 2. Calculate i(1).
0
Let o(r) = 9*r - 43. What is o(11)?
56
Let p(q) = -3*q - 25. What is p(0)?
-25
Let z(w) = 6*w + 58. Calculate z(-9).
4
Let m(d) = 2*d**2 + 26*d + 73. What is m(-11)?
29
Let s(r) = -r**2 + 2*r + 2. Determine s(3).
-1
Let w(a) = 7*a - 11. Give w(-5).
-46
Let r(x) = -21*x + 155. Calculate r(8).
-13
Let q(j) = 32*j - 212. Calculate q(7).
12
Let t(h) = h**3 + h**2 - 3*h + 1. What is t(2)?
7
Let u(c) = -c**3 - 16*c**2 + 23*c + 9. Calculate u(-17).
-93
Let p(m) = -m + 26. Give p(26).
0
Let v(f) = -f**2 - 18*f - 37. Calculate v(-15).
8
Let r(x) = 2*x**3 - 27*x**2 - 16*x + 33. Give r(14).
5
Let w(h) = h**3 - 4*h**2 - 11*h - 2. Give w(6).
4
Let h(p) = p**3 + 6*p**2 - 2*p - 19. Give h(-6).
-7
Let w(k) = k**3 + k**2 - 5*k + 5. Calculate w(-3).
2
Let u(t) = -43*t - 7. Give u(1).
-50
Let c(b) = -41*b + 164. Give c(4).
0
Let b(y) = -3*y**2 + 57*y - 13. Give b(19).
-13
Let a(s) = 2*s + 17. Determine a(10).
37
Let b(c) = -c**2 + 6*c - 5. Give b(5).
0
Let c(i) = -10*i**2 + 170*i - 5. Give c(17).
-5
Let z(n) = -15*n + 11. Determine z(5).
-64
Let v(n) = n**3 - n**2 + 2*n - 6. What is v(0)?
-6
Let w(y) = y**3 - 3*y - 3. What is w(-2)?
-5
Let d(k) = k**2 - 17. Give d(-12).
127
Let x(r) = 9*r**2 + 5*r + 3. What is x(-2)?
29
Let k(o) = o**3 - 13*o**2 - 4*o + 18. Determine k(13).
-34
Let d(u) = 18*u**3 + 2*u**2 - u - 2. Give d(-1).
-17
Let d(z) = -3*z**2 + z + 5. Calculate d(0).
5
Let n(b) = b**3 + 23*b**2 + 20*b - 43. What is n(-22)?
1
Let b(j) = j**2 - 21*j + 75. What is b(17)?
7
Let j(s) = -s**3 - 6*s**2 + 15*s - 12. Give j(-8).
-4
Let m(r) = 172*r**3 - r**2 - r. Give m(-1).
-172
Let i(n) = n**3 - 13*n**2 - 11*n + 9. What is i(14)?
51
Let j(b) = -b**2 + 22*b + 26. Determine j(24).
-22
Let b(r) = 36*r**3 - r**2 + 2*r + 2. Determine b(-1).
-37
Let p(i) = -i**2 + i + 20. Calculate p(5).
0
Let z(a) = -a**2 - 31*a - 223. Give z(-20).
-3
Let f(z) = -11*z + 2. Calculate f(5).
-53
Let g(w) = 5*w**3 - 4*w**2 - 5*w + 3. What is g(-3)?
-153
Let c(v) = -v**3 + 12*v**2 - 11*v - 9. Determine c(11).
-9
Let k(j) = 3*j + 6. Give k(-4).
-6
Let f(r) = -r**2 + 8*r - 2. Give f(4).
14
Let w(c) = 10*c**2 + 1. Calculate w(-1).
11
Let d(b) = b**3 - 2*b**2 + 5*b - 3. Calculate d(1).
1
Let v(n) = -n**2 - 18*n + 27. Determine v(-20).
-13
Let s(h) = 16*h**3 - 7*h**2 + 3*h + 3. Calculate s(1).
15
Let q(t) = -t**3 + 4*t**2 + 2*t - 2. What is q(-2)?
18
Let o(d) = -d - 17. What is o(9)?
-26
Let r(b) = 3*b + 20. Calculate r(-5).
5
Let x(t) = -12*t + 3. Determine x(1).
-9
Let q(a) = 9*a**3 + 3*a**2 - a + 1. Give q(2).
83
Let m(w) = -w**2 - 6*w - 3. Calculate m(-6).
-3
Let g(d) = -4*d**2 + 2*d - 1. Calculate g(3).
-31
Let x(h) = -54*h + 377. Calculate x(7).
-1
Let r(n) = 31*n**3 - n. What is r(1)?
30
Let u(v) = 2*v**2 + 10*v + 5. Determine u(-5).
5
Let p(n) = -5*n + 75. Calculate p(14).
5
Let o(s) = -4*s**2 - 3*s + 2. Calculate o(-2).
-8
Let k(i) = -2*i**3 + 3*i**2 + 7*i + 3. Give k(5).
-137
Let w(t) = 25*t + 16. Give w(0).
16
Let d(x) = 2*x**3 - 16*x**2 - 6*x + 15. Calculate d(8).
-33
Let t(d) = 4*d**2 + 23*d - 29. What is t(-8)?
43
Let y(x) = -x**3 + x**2 - x + 4. What is y(3)?
-17
Let a(r) = -3*r + 21. What is a(7)?
0
Let u(r) = -r**3 + 5*r**2 + 8*r - 1. Calculate u(5).
39
Let h(p) = -47*p + 104. Determine h(3).
-37
Let j(z) = z**2 - 10*z - 4. What is j(10)?
-4
Let x(r) = 6*r - 2. Calculate x(3).
16
Let b(m) = -m**3 - 19*m**2 - 36*m - 37. Calculate b(-17).
-3
Let r(k) = -k**2 + 9*k - 7. What is r(6)?
11
Let b(k) = k**2 + 4*k - 7. Calculate b(2).
5
Let s(k) = k**2 - 11*k + 16. Determine s(15).
76
Let k(p) = 8*p**2 - 42*p - 1. Determine k(6).
35
Let t(c) = 20*c + 224. Calculate t(-11).
4
Let a(r) = r**2 + r + 8. Give a(3).
20
Let s(c) = c**3 - 2*c**2 - 4*c + 8. Calculate s(3).
5
Let c(h) = 39*h - 22. Calculate c(1).
17
Let o(y) = 7*y + 1. Give o(1).
8
Let c(q) = q**2 - 28*q + 59. What is c(26)?
7
Let t(n) = n**3 + 11*n**2 - 11*n - 24. Calculate t(-12).
-36
Let o(z) = z**3 - 4*z**2 + 5*z - 2. Give o(2).
0
Let w(a) = a**3 - 10*a**2 + 31*a - 15. Determine w(6).
27
Let i(j) = j**3 + 4*j**2 - 4. Calculate i(-4).
-4
Let l(t) = 2*t - 19. Give l(9).
-1
Let h(f) = -6*f - 55. Determine h(-8).
-7
Let j(o) = o**2 - 9*o + 1. Give j(10).
11
Let z(q) = -q**3 - 7*q**2 + 6*q - 15. What is z(-8)?
1
Let h(t) = -37*t + 227. What is h(6)?
5
Let x(o) = -11*o + 2. Determine x(4).
-42
Let v(z) = z**2 + 11*z - 3. Give v(-8).
-27
Let b(f) = 10*f - 243. Determine b(24).
-3
Let h(u) = u**3 - 3*u**2 - 14*u + 32. Give h(3).
-10
Let j(b) = b**2 - 3*b - 18. Determine j(8).
22
Let l(m) = -m**2 - 8*m + 93. What is l(7)?
-12
Let i(p) = -p**3 - p**2 + 2*p + 87. Calculate i(0).
87
Let p(